x.
2, 5
Suppose -144678 = -5*o - 3*j, -19723 = -o - 2*j + 9221. List the prime factors of o.
2, 3, 2411
Let w be 633*-6*1/9. Let z = w - -961. What are the prime factors of z?
7, 11
Suppose 6 = 4*w - 7*w - 3*o, -2*o = -3*w + 14. Suppose 2*k + w*u - 576 = 0, -4*k - u + 423 = -732. What are the prime factors of k?
17
Let m(x) = -562*x**3 + 16*x**2 + 53*x - 8. What are the prime factors of m(-3)?
109, 139
Let m(p) = -847*p + 7080. List the prime factors of m(-11).
19, 863
Let n = -21687 + 36282. What are the prime factors of n?
3, 5, 7, 139
Let l(b) = 181*b**2 + 28*b - 567. What are the prime factors of l(8)?
3, 1249
Suppose -3*l + 75332 = 5*p, 3*p + 43202 - 168782 = -5*l. List the prime factors of l.
3, 2791
Let q be 2/13 - (-552)/(-39). Let g = -59 - q. What are the prime factors of -3*(-10)/g*-96?
2
Let n(r) be the third derivative of r**5/60 + 25*r**4/24 - 5*r**3/3 + r**2. Let g(m) = -10*m**2 + 3*m + 7. Let q be g(2). List the prime factors of n(q).
2, 11
Let x be (1 - (-3)/(-1))/(1 - 0). Let r be (-2)/(x - (3 - -1))*0. Suppose -3*f - f + 424 = r. What are the prime factors of f?
2, 53
Let k = 9 - -7. Let n be (5/2*k/20)/1. Suppose 5*m + 3*g = 437, 3*g - n*g + 421 = 5*m. What are the prime factors of m?
5, 17
Let g(y) = 2*y + 1. Let m(a) = 345*a + 138. Let r(u) = 138*g(u) - m(u). List the prime factors of r(-6).
2, 3, 23
Let b(y) = 2*y**2 - y - 55. Let s be b(6). Suppose -s*l + 7135 = -37. List the prime factors of l.
2, 163
Suppose -74*f - 330 = -85*f. Suppose -926 - 214 = -f*t. List the prime factors of t.
2, 19
Let i(o) = -25*o**3 + o**2 + 7*o + 25. Suppose -18 = -111*y + 117*y. What are the prime factors of i(y)?
2, 43
Suppose 5*s = 4*d + 93, 31*s - 15 = 28*s. Let p = d + 133. What are the prime factors of p?
2, 29
Let j = -38 + 3. Let a be 4/(-14) - (-130)/j. What are the prime factors of (a/(-10) - (-18)/30)*67?
67
Suppose 128*d - 7256745 = -41*d + 38*d. List the prime factors of d.
3, 5, 1231
Suppose -8372*p = -8370*p - 24084. List the prime factors of p.
2, 3, 223
Let k(b) = 3*b + 41. Suppose -2*f - 4*c = -46, 3*c + 38 = -3*f + 4*f. Suppose -25*y = -f*y. What are the prime factors of k(y)?
41
Suppose 14*o + 7*o + 103190 = 31*o. What are the prime factors of o?
17, 607
Suppose -3*o + 78*w = 77*w - 15448, 5*o - 5*w - 25750 = 0. What are the prime factors of o?
19, 271
Suppose 0 = -4*t + 2*x + 10, 4*t = 8*t - x - 5. Suppose 3*s = -t*n + 3*n + 6, 4*n + 24 = -4*s. Let q(j) = -36*j + 3. What are the prime factors of q(s)?
3, 5
List the prime factors of ((234/8)/(-9) + 10/40)*-1772.
2, 3, 443
Suppose -4*k + 3*x - 4 = -12, k + 2*x = 2. Suppose k + 3 = s. Suppose -2*o - 195 = -s*o. List the prime factors of o.
5, 13
Suppose 7*c + 1699 = 11390 + 16867. What are the prime factors of c?
2, 7, 271
Suppose 3*t + 3*s + 195 = 0, -t - 4*s + 0*s - 62 = 0. Let u = 72 + t. Suppose 958 = u*h - 530. What are the prime factors of h?
2, 31
Let v(c) = 197*c - 349. Let x be v(8). Let r = 1946 - x. What are the prime factors of r?
719
Let i(n) = n + 1. Let f(o) = 15*o + 27. Let q(c) = -f(c) + 12*i(c). Let j be q(-6). Suppose j*r = 2 + 31. What are the prime factors of r?
11
Let q(b) = -b. Suppose -3*x - 18 = -0. Let j be q(x). Suppose -j*z = -13 - 641. List the prime factors of z.
109
Let w = 46239 + -9350. List the prime factors of w.
37, 997
Suppose -4*m = 5*r - 12806, -11517 = -3*r - 5*m - 3836. Let j = r + -1440. List the prime factors of j.
2, 3, 11, 17
Let z(o) = 58*o - 404. Suppose 103 - 319 = -18*g. What are the prime factors of z(g)?
2, 73
What are the prime factors of -261*(8444/(-42) - (-10)/525*-15)?
2, 3, 29, 151
Let w(p) = p**3 - 7*p**2 - 20*p + 18. Let b be w(9). Suppose x = -3*x + 12, 3*d - 2*x - 2595 = b. List the prime factors of d.
3, 17
Let n(d) = d**2 - 10*d - 1. Let f be n(9). Let w = f + 11. Suppose -3*y = y - i - 64, y - 4*i - w = 0. List the prime factors of y.
17
Let q(p) = -3*p**2 - 35*p - 15. Let f be q(-11). Suppose -f*z + 682 = -5*z. What are the prime factors of z?
11, 31
Let h(f) = 5*f - 76. Let s be h(16). List the prime factors of (s*(-1)/6)/(4/(-4236)).
2, 353
Suppose -2*j - 53 + 9 = 0. Let o = j + 22. Suppose o = 4*n - 48 - 16. List the prime factors of n.
2
Let n(u) = -6888*u**3 + 2*u**2 + 4*u + 3. List the prime factors of n(-1).
83
Let s(h) = -517*h + 197. Let c(y) = -172*y + 56. Let l(z) = -7*c(z) + 2*s(z). Suppose -5*o + 5 = 5*d, 4*o - 3*d - 1 = 3*o. What are the prime factors of l(o)?
2, 43
Suppose 0 = -315*c + 335*c - 36640. What are the prime factors of c?
2, 229
Suppose -2*q + 8 + 16 = 0. Let j = -10 + q. Suppose -2 = j*w, 0 = 3*o + 3*w - w - 337. What are the prime factors of o?
113
Let b(k) = 139*k**2 - k + 14. Let y be b(-7). Suppose 22*q = 6*q + y. What are the prime factors of q?
7, 61
Let o = 23 - 20. What are the prime factors of o*(1 + (-112)/(-6))?
59
Let o(j) = -j**2 + 2*j + 12. Let w be o(4). Suppose -5562 = -w*i + 2*t - 252, 2*t + 1329 = i. List the prime factors of i.
1327
Suppose 0 = -2*z + 7*p - 3*p + 1630, 4*p - 1622 = -2*z. Let v = z - 541. List the prime factors of v.
2, 17
What are the prime factors of 3551845/297 - ((-80)/(-135))/8?
11959
Suppose -6*a + 52 = -212. Let j = 70 - a. Let d = j - -45. List the prime factors of d.
71
Let v = 387 + 1404. What are the prime factors of v?
3, 199
Let b(d) = -3*d**2 + 25*d + 47. Let x be b(-11). Let w = x + 604. List the prime factors of w.
13
Suppose 94*w + 8 = 96*w. Suppose w*n - 3*n = 70. List the prime factors of n.
2, 5, 7
Suppose -28*o = 6*o + 6 - 210. Suppose -5*x - 3*g + 63 = 0, -33 - 13 = -2*x + 4*g. List the prime factors of x*-2*(-10)/o.
2, 5
Suppose 4*u - 7588 = -5*k, 2*u = -11*k + 6*k + 3794. What are the prime factors of u?
7, 271
Let q(h) = -2*h - 5. Let o be q(-5). Suppose -3*y - 10 = -o*y. Suppose -5*s - l + 778 = -5*l, y*s - l = 787. What are the prime factors of s?
2, 79
Suppose 179 = 2*x + c, 2*x + 5*c - 367 = -2*x. Suppose -25*m + x = -17*m. List the prime factors of m.
11
Let z(g) = -127*g + 8. Let d be z(-3). Let w = d - 178. List the prime factors of w.
211
Suppose -6*y + 8*y - 2*i = 8, 0 = y + 3*i + 16. Let g(t) = -353*t - 19. List the prime factors of g(y).
2, 167
Let p(d) = -3533*d - 2166. List the prime factors of p(-17).
5, 11579
Let y be 1 + (452 - 0/3). Suppose -u + 458 = -4*r, 0 = 5*u + 4*r - 2623 + y. What are the prime factors of u?
2, 3, 73
Suppose 5*y - 2*f = 9222, -2*y + 2*f + 5530 = y. Suppose 6*h = y + 338. List the prime factors of h.
2, 7, 13
Let w(f) = 372*f**2 - 34*f - 190. List the prime factors of w(-5).
2, 5, 29
Suppose 4*g - 1 + 17 = 0, -2*l + 16 = -3*g. Suppose -2*d = 3*n + n - 744, 0 = 5*d + l*n - 1860. Suppose -d = -21*w - 57. What are the prime factors of w?
3, 5
List the prime factors of (1426/(-4))/(231/(-14) - -16).
23, 31
Let s = -236 + 399. Suppose -3*k + 68 = -s. List the prime factors of k/(-22)*148/(-7) + 1.
3, 5
Let u be (12/48)/(2/4)*398. Let o = u - -478. What are the prime factors of o?
677
Let l = 11526 + -1227. What are the prime factors of l?
3, 3433
Let c be 1079*((-11)/(-44))/(3/60). Let y = c - 3517. What are the prime factors of y?
2, 3, 313
Let z(s) = 34*s**2 - s - 1. Let o be z(-1). Let v = o + -28. What are the prime factors of 10/(-15)*59*v/(-4)?
59
Suppose -i = -i + i. Suppose 4*d - 4*n - 82 = -d, i = 5*d - n - 73. List the prime factors of d.
2, 7
Suppose -2*g = -6*g + 80. Suppose g = 4*n, 11 = 3*j + 5*n - 14. Suppose 5*h - 242 - 173 = j. List the prime factors of h.
83
Let f(g) = 496*g**2 - 55*g - 29. List the prime factors of f(-8).
5, 59, 109
Let o(k) = 5*k**2 + 12*k - 10. Let p be o(4). Suppose 0 = -s - p - 135. Let h = -142 - s. List the prime factors of h.
3, 37
Suppose -v + 150827 = 16*v - 206496. List the prime factors of v.
21019
Suppose -2*f + 0 = r - 1061, -3186 = -3*r - 5*f. What are the prime factors of r?
11, 97
Let a(u) = u**2 + 24*u - 81. Let v be a(-27). Suppose 10*q + 104 - 874 = v. List the prime factors of q.
7, 11
Let r(x) = -3*x**3 - 25*x**2 - 8*x - 14. Let o be r(-8). List the prime factors of (-2074)/(-4) + 2 + (-7)/o.
521
Let q = 206 - -406. Let b = q - 217. List the prime factors of b.
5, 79
Suppose 0 = 3*m + 4*m - 35. Suppose i + 3051 = m*j + 2*i, 3*j + 5*i = 1835. What are the prime factors of j?
2, 5, 61
Let c(p) = 4*p**2 - 20*p + 5. Let x be ((-8)/1